{"id":1579,"date":"2020-01-09T04:10:53","date_gmt":"2020-01-09T04:10:53","guid":{"rendered":"http:\/\/wpdemo.archiwp.com\/engitech\/?page_id=1579"},"modified":"2025-09-26T16:59:13","modified_gmt":"2025-09-26T13:59:13","slug":"bursa-beyaz-esya-servisi-hakkimizda","status":"publish","type":"page","link":"https:\/\/bursabeyazesyaservis.com\/index.php\/bursa-beyaz-esya-servisi-hakkimizda\/","title":{"rendered":"Hakk\u0131m\u0131zda"},"content":{"rendered":"\t\t<div data-elementor-type=\"wp-page\" data-elementor-id=\"1579\" class=\"elementor elementor-1579\">\n\t\t\t\t\t\t<section class=\"elementor-section elementor-top-section elementor-element elementor-element-7f3cbd8 elementor-section-content-middle ot-traditional elementor-section-boxed elementor-section-height-default elementor-section-height-default\" data-id=\"7f3cbd8\" data-element_type=\"section\" data-settings=\"{&quot;background_background&quot;:&quot;classic&quot;}\">\n\t\t\t\t\t\t<div class=\"elementor-container elementor-column-gap-extended\">\n\t\t\t\t\t<div class=\"elementor-column elementor-col-50 elementor-top-column elementor-element elementor-element-9fc2569 ot-flex-column-vertical\" data-id=\"9fc2569\" data-element_type=\"column\">\n\t\t\t<div class=\"elementor-widget-wrap elementor-element-populated\">\n\t\t\t\t\t\t<div class=\"elementor-element elementor-element-925ee15 elementor-widget elementor-widget-iheading\" data-id=\"925ee15\" data-element_type=\"widget\" data-widget_type=\"iheading.default\">\n\t\t\t\t<div class=\"elementor-widget-container\">\n\t\t\t\t\t\t\t<div class=\"ot-heading\">\r\n\t        \t            <span>\/\/ Bursa Beyaz E\u015fya Servis<\/span>\r\n\t        <h2 class=\"main-heading\">Hakk\u0131m\u0131zda<\/h2>\t    <\/div>\r\n\t    \t\t\t\t<\/div>\n\t\t\t\t<\/div>\n\t\t\t\t<div class=\"elementor-element elementor-element-5f326aa elementor-widget elementor-widget-text-editor\" data-id=\"5f326aa\" data-element_type=\"widget\" data-widget_type=\"text-editor.default\">\n\t\t\t\t\t\t\t\t\t<p>Bursa Beyaz E\u015fya Servisi olarak yakla\u015f\u0131k 20 y\u0131la yak\u0131n s\u00fcredir m\u00fc\u015fterilerimize g\u00fcvenilir, h\u0131zl\u0131 ve profesyonel teknik servis hizmeti sunuyoruz. Deneyimli ve g\u00fc\u00e7l\u00fc ekibimizle, Bursa\u2019n\u0131n hemen her b\u00f6lgesine ula\u015farak beyaz e\u015fya bak\u0131m, onar\u0131m ve montaj ihtiya\u00e7lar\u0131n\u0131za \u00e7\u00f6z\u00fcm \u00fcretiyoruz. Y\u0131llar\u0131n verdi\u011fi tecr\u00fcbe ve m\u00fc\u015fteri memnuniyeti odakl\u0131 yakla\u015f\u0131m\u0131m\u0131zla, ar\u0131zalar\u0131 do\u011fru tespit ediyor ve cihazlar\u0131n\u0131z\u0131 en k\u0131sa s\u00fcrede ilk g\u00fcnk\u00fc performans\u0131na kavu\u015fturuyoruz.<\/p>\t\t\t\t\t\t\t\t<\/div>\n\t\t\t\t\t<\/div>\n\t\t<\/div>\n\t\t\t\t<div class=\"elementor-column elementor-col-50 elementor-top-column elementor-element elementor-element-7564da8 ot-flex-column-vertical\" data-id=\"7564da8\" data-element_type=\"column\">\n\t\t\t<div class=\"elementor-widget-wrap elementor-element-populated\">\n\t\t\t\t\t\t<section class=\"elementor-section elementor-inner-section elementor-element elementor-element-c97a89f elementor-section-full_width ot-layout_block elementor-section-height-default elementor-section-height-default\" data-id=\"c97a89f\" data-element_type=\"section\">\n\t\t\t\t\t\t<div class=\"elementor-container elementor-column-gap-extended\">\n\t\t\t\t\t<div class=\"elementor-column elementor-col-100 elementor-inner-column elementor-element elementor-element-ee166a8 ot-flex-column-vertical\" data-id=\"ee166a8\" data-element_type=\"column\">\n\t\t\t<div class=\"elementor-widget-wrap elementor-element-populated\">\n\t\t\t\t\t\t<div class=\"elementor-element elementor-element-f732a9b elementor-widget elementor-widget-iimagebox1\" data-id=\"f732a9b\" data-element_type=\"widget\" data-widget_type=\"iimagebox1.default\">\n\t\t\t\t<div class=\"elementor-widget-container\">\n\t\t\t\t\t\t\t<a class=\"ot-image-box\" href=\"#\">\r\n\t\t\t<div class=\"overlay\">\r\n\t        \t<h4><\/h4>\r\n\t\t\t<\/div>\r\n\t\t\t<img decoding=\"async\" src=\"https:\/\/bursabeyazesyaservis.com\/wp-content\/uploads\/2025\/09\/beyazesyaservisi-bursa.jpg\" alt=\"\">\r\n\t\t<\/a>\r\n\t    \t\t\t\t<\/div>\n\t\t\t\t<\/div>\n\t\t\t\t\t<\/div>\n\t\t<\/div>\n\t\t\t\t\t<\/div>\n\t\t<\/section>\n\t\t\t\t\t<\/div>\n\t\t<\/div>\n\t\t\t\t\t<\/div>\n\t\t<\/section>\n\t\t<div class=\"elementor-element elementor-element-2715f76 e-flex e-con-boxed e-con e-parent\" data-id=\"2715f76\" data-element_type=\"container\">\n\t\t\t\t\t<div class=\"e-con-inner\">\n\t\t\t\t<div class=\"elementor-element elementor-element-96cc7a1 elementor-widget elementor-widget-heading\" data-id=\"96cc7a1\" data-element_type=\"widget\" data-widget_type=\"heading.default\">\n\t\t\t\t\t<h2 class=\"elementor-heading-title elementor-size-default\">Misyonumuz<\/h2>\t\t\t\t<\/div>\n\t\t\t\t\t<\/div>\n\t\t\t\t<\/div>\n\t\t<div class=\"elementor-element elementor-element-ecdf809 e-flex e-con-boxed e-con e-parent\" data-id=\"ecdf809\" data-element_type=\"container\">\n\t\t\t\t\t<div class=\"e-con-inner\">\n\t\t\t\t<div class=\"elementor-element elementor-element-39e2d3b elementor-widget elementor-widget-text-editor\" data-id=\"39e2d3b\" data-element_type=\"widget\" data-widget_type=\"text-editor.default\">\n\t\t\t\t\t\t\t\t\t<p data-start=\"638\" data-end=\"941\">M\u00fc\u015fterilerimizin beyaz e\u015fyalar\u0131nda kar\u015f\u0131la\u015ft\u0131\u011f\u0131 sorunlar\u0131 h\u0131zl\u0131, g\u00fcvenilir ve ekonomik \u00e7\u00f6z\u00fcmlerle ortadan kald\u0131rmak, her zaman en kaliteli hizmeti sunmak. Profesyonel ekibimizle, m\u00fc\u015fteri memnuniyetini en \u00fcst d\u00fczeyde tutmak ve Bursa\u2019n\u0131n her b\u00f6lgesine teknik servis deste\u011fi sa\u011flamak temel misyonumuzdur.<\/p>\t\t\t\t\t\t\t\t<\/div>\n\t\t\t\t<div class=\"elementor-element elementor-element-ca550e2 elementor-widget elementor-widget-heading\" data-id=\"ca550e2\" data-element_type=\"widget\" data-widget_type=\"heading.default\">\n\t\t\t\t\t<h2 class=\"elementor-heading-title elementor-size-default\">Vizyonumuz<\/h2>\t\t\t\t<\/div>\n\t\t\t\t\t<\/div>\n\t\t\t\t<\/div>\n\t\t<div class=\"elementor-element elementor-element-70dd67f e-flex e-con-boxed e-con e-parent\" data-id=\"70dd67f\" data-element_type=\"container\">\n\t\t\t\t\t<div class=\"e-con-inner\">\n\t\t\t\t<div class=\"elementor-element elementor-element-a87673f elementor-widget elementor-widget-text-editor\" data-id=\"a87673f\" data-element_type=\"widget\" data-widget_type=\"text-editor.default\">\n\t\t\t\t\t\t\t\t\t<p data-start=\"964\" data-end=\"1271\">Bursa\u2019da beyaz e\u015fya servisi denildi\u011finde akla gelen ilk ve en g\u00fcvenilir marka olmak. Teknolojik geli\u015fmeleri yak\u0131ndan takip ederek hizmet kalitemizi s\u00fcrekli geli\u015ftirmek, uzman ekibimizle geni\u015fleyen hizmet a\u011f\u0131m\u0131z\u0131 daha da b\u00fcy\u00fctmek ve her m\u00fc\u015fterimize uzun vadeli g\u00fcven sa\u011flayan \u00e7\u00f6z\u00fcmler sunmak vizyonumuzdur.<\/p>\t\t\t\t\t\t\t\t<\/div>\n\t\t\t\t\t<\/div>\n\t\t\t\t<\/div>\n\t\t\t\t<\/div>\n\t\t","protected":false},"excerpt":{"rendered":"<p>\/\/ Bursa Beyaz E\u015fya Servis Hakk\u0131m\u0131zda Bursa Beyaz E\u015fya Servisi olarak yakla\u015f\u0131k 20 y\u0131la yak\u0131n s\u00fcredir m\u00fc\u015fterilerimize g\u00fcvenilir, h\u0131zl\u0131 ve profesyonel teknik servis hizmeti sunuyoruz. Deneyimli ve g\u00fc\u00e7l\u00fc ekibimizle, Bursa\u2019n\u0131n hemen her b\u00f6lgesine ula\u015farak beyaz e\u015fya bak\u0131m, onar\u0131m ve montaj ihtiya\u00e7lar\u0131n\u0131za \u00e7\u00f6z\u00fcm \u00fcretiyoruz. Y\u0131llar\u0131n verdi\u011fi tecr\u00fcbe ve m\u00fc\u015fteri memnuniyeti odakl\u0131 yakla\u015f\u0131m\u0131m\u0131zla, ar\u0131zalar\u0131 do\u011fru tespit ediyor [&hellip;]<\/p>\n","protected":false},"author":1,"featured_media":0,"parent":0,"menu_order":0,"comment_status":"closed","ping_status":"closed","template":"","meta":{"footnotes":""},"class_list":["post-1579","page","type-page","status-publish","hentry"],"_links":{"self":[{"href":"https:\/\/bursabeyazesyaservis.com\/index.php\/wp-json\/wp\/v2\/pages\/1579","targetHints":{"allow":["GET"]}}],"collection":[{"href":"https:\/\/bursabeyazesyaservis.com\/index.php\/wp-json\/wp\/v2\/pages"}],"about":[{"href":"https:\/\/bursabeyazesyaservis.com\/index.php\/wp-json\/wp\/v2\/types\/page"}],"author":[{"embeddable":true,"href":"https:\/\/bursabeyazesyaservis.com\/index.php\/wp-json\/wp\/v2\/users\/1"}],"replies":[{"embeddable":true,"href":"https:\/\/bursabeyazesyaservis.com\/index.php\/wp-json\/wp\/v2\/comments?post=1579"}],"version-history":[{"count":28,"href":"https:\/\/bursabeyazesyaservis.com\/index.php\/wp-json\/wp\/v2\/pages\/1579\/revisions"}],"predecessor-version":[{"id":5276,"href":"https:\/\/bursabeyazesyaservis.com\/index.php\/wp-json\/wp\/v2\/pages\/1579\/revisions\/5276"}],"wp:attachment":[{"href":"https:\/\/bursabeyazesyaservis.com\/index.php\/wp-json\/wp\/v2\/media?parent=1579"}],"curies":[{"name":"wp","href":"https:\/\/api.w.org\/{rel}","templated":true}]}}